e 9
67
Convert 403 (base 6) to base 10.
147
What is 112 (base 7) in base 4?
322
Convert 10100100 (base 2) to base 15.
ae
Convert -1 (base 15) to base 5.
-1
What is -1de (base 15) in base 5?
-3214
Convert -261 (base 7) to base 12.
-b9
What is 1 (base 11) in base 10?
1
-10 (base 4) to base 13
-4
What is -7 (base 14) in base 4?
-13
What is -34 (base 12) in base 10?
-40
-30 (base 5) to base 14
-11
Convert 7d (base 16) to base 13.
98
What is 1010 (base 2) in base 11?
a
-3 (base 5) to base 7
-3
-36 (base 9) to base 11
-30
What is -32 (base 5) in base 15?
-12
Convert -20 (base 4) to base 7.
-11
What is -b (base 16) in base 15?
-b
What is 28 (base 16) in base 15?
2a
22 (base 6) to base 10
14
What is 12 (base 13) in base 5?
30
Convert -2 (base 15) to base 3.
-2
Convert 3 (base 10) to base 6.
3
What is -23 (base 9) in base 14?
-17
-29 (base 14) to base 11
-34
Convert -21 (base 11) to base 4.
-113
What is -120 (base 7) in base 11?
-58
-14 (base 12) to base 10
-16
-156 (base 9) to base 8
-204
0 (base 8) to base 14
0
-2 (base 8) to base 15
-2
Convert -10101111 (base 2) to base 4.
-2233
What is -3 (base 5) in base 4?
-3
Convert -30 (base 5) to base 2.
-1111
What is 3 (base 5) in base 15?
3
Convert -2 (base 9) to base 11.
-2
Convert -c (base 16) to base 7.
-15
-150 (base 7) to base 3
-10010
Convert 22200 (base 3) to base 14.
12a
0 (base 16) to base 5
0
Convert 13 (base 8) to base 16.
b
Convert -14 (base 8) to base 14.
-c
What is -13 (base 4) in base 14?
-7
What is 15 (base 12) in base 15?
12
Convert -38 (base 10) to base 5.
-123
Convert 5 (base 14) to base 4.
11
Convert -27 (base 15) to base 9.
-41
What is -1 (base 7) in base 11?
-1
What is 5 (base 7) in base 13?
5
What is -11 (base 7) in base 14?
-8
Convert 1 (base 9) to base 4.
1
-14 (base 10) to base 7
-20
-10 (base 2) to base 3
-2
Convert 3 (base 14) to base 10.
3
What is -3 (base 5) in base 2?
-11
What is -22 (base 3) in base 15?
-8
1 (base 15) to base 13
1
What is -3 (base 5) in base 9?
-3
-2 (base 13) to base 2
-10
What is -19 (base 11) in base 15?
-15
-9 (base 11) to base 5
-14
Convert -2 (base 15) to base 3.
-2
0 (base 6) to base 15
0
Convert 11 (base 14) to base 16.
f
Convert -6 (base 7) to base 4.
-12
Convert 7 (base 10) to base 16.
7
Convert 20 (base 8) to base 7.
22
Convert -43 (base 16) to base 7.
-124
What is -10000 (base 3) in base 13?
-63
-19 (base 16) to base 8
-31
b (base 12) to base 15
b
Convert 11 (base 6) to base 15.
7
What is -74 (base 8) in base 9?
-66
What is 1111 (base 2) in base 13?
12
Convert 212 (base 7) to base 12.
8b
Convert -4 (base 8) to base 10.
-4
What is 7 (base 9) in base 7?
10
What is 221 (base 3) in base 14?
1b
What is 5 (base 9) in base 14?
5
Convert 0 (base 4) to base 13.
0
Convert 5 (base 13) to base 6.
5
6 (base 10) to base 9
6
What is 11 (base 2) in base 7?
3
What is -47 (base 15) in base 11?
-61
Convert 39 (base 16) to base 8.
71
What is 0 (base 13) in base 5?
0
13 (base 6) to base 14
9
What is -64 (base 15) in base 2?
-1011110
Convert -81 (base 15) to base 6.
-321
15 (base 7) to base 15
c
What is -130 (base 11) in base 6?
-414
-24 (base 6) to base 15
-11
What is -32 (base 6) in base 8?
-24
-31 (base 10) to base 5
-111
15 (base 16) to base 13
18
Convert 0 (base 15) to base 12.
0
-2 (base 8) to base 7
-2
6 (base 8) to base 14
6
Convert 70 (base 16) to base 7.
220
What is 1 (base 9) in base 4?
1
What is 27 (base 10) in base 16?
1b
Convert -88 (base 9) to base 13.
-62
What is 1 (base 6) in base 12?
1
What is 16 (base 8) in base 16?
e
Convert 172 (base 10) to base 4.
2230
What is -30 (base 6) in base 12?
-16
Convert 2201 (base 3) to base 11.
67
Convert -11 (base 4) to base 5.
-10
Convert -10001 (base 2) to base 4.
-101
10 (base 3) to base 10
3
3220 (base 4) to base 9
277
Convert -203 (base 5) to base 13.
-41
Convert -77 (base 14) to base 4.
-1221
-4 (base 13) to base 12
-4
Convert -3 (base 6) to base 7.
-3
-88 (base 15) to base 14
-92
What is 6 (base 10) in base 12?
6
-2 (base 14) to base 12
-2
Convert -3 (base 9) to base 2.
-11
-1 (base 2) to base 4
-1
Convert 6 (base 14) to base 10.
6
47 (base 9) to base 3
1121
Convert 60 (base 11) to base 5.
231
100 (base 2) to base 14
4
What is 23 (base 5) in base 11?
12
What is -11 (base 12) in base 14?
-d
-71 (base 16) to base 15
-78
32 (base 14) to base 3
1122
Convert 213 (base 6) to base 7.
144
-3 (base 14) to base 13
-3
4 (base 15) to base 13
4
231 (base 6) to base 13
70
Convert 230 (base 5) to base 7.
122
What is -1113 (base 4) in base 12?
-73
3 (base 6) to base 11
3
2 (base 16) to base 10
2
What is 55 (base 11) in base 8?
74
What is -2 (base 12) in base 2?
-10
Convert 3 (base 8) to base 3.
10
10 (base 13) to base 3
111
Convert -1 (base 7) to base 6.
-1
-2 (base 9) to base 10
-2
4 (base 16) to base 5
4
What is 3 (base 5) in base 13?
3
b (base 14) to base 2
1011
What is 37 (base 9) in base 2?
100010
55 (base 6) to base 12
2b
What is -22 (base 14) in base 11?
-28
Convert -222 (base 3) to base 12.
-22
What is 111 (base 8) in base 3?
2201
Convert -1 (base 8) to base 2.
-1
Convert 64 (base 11) to base 10.
70
What is 110110 (base 2) in base 13?
42
What is 103 (base 4) in base 11?
18
Convert 1 (base 5) to base 14.
1
-50 (base 7) to base 5
-120
4 (base 6) to base 3
11
16 (base 15) to base 5
41
a (base 13) to base 14
a
24 (base 12) to base 6
44
a (base 11) to base 13
a
What is 56 (base 13) in base 5?
241
Convert -5 (base 8) to base 14.
-5
Convert -5 (base 15) to base 12.
-5
Convert 2212 (base 5) to base 9.
371
Convert a (base 14) to base 13.
a
Convert 19 (base 16) to base 8.
31
What is 5 (base 16) in base 13?
5
Convert -4 (base 16) to base 9.
-4
Convert -4 (base 11) to base 5.
-4
Convert 89 (base 15) to base 12.
a9
Convert 2 (base 13) to base 9.
2
Convert 4b (base 15) to base 14.
51
Convert -4 (base 7) to base 10.
-4
-1 (base 10) to base 7
-1
-9 (base 15) to base 14
-9
Convert 1 (base 7) to base 15.
1
What is 22 (base 16) in base 11?
31
Convert -3 (base 15) to base 6.
-3
-13 (base 12) to base 7
-21
-3 (base 14) to base 4
-3
Convert 5 (base 12) to base 8.
5
56 (base 13) to base 7
131
Convert -76 (base 11) to base 12.
-6b
What is 222 (base 3) in base 10?
26
Convert 3 (base 16) to base 6.
3
Convert -4 (base 13) to base 12.
-4
What is -5 (base 15) in base 12?
-5
Convert c0 (base 13) to base 16.
9c
Convert 0 (base 11) to base 2.
0
Convert -53 (base 6) to base 16.
-21
What is 51 (base 12) in base 4?
331
Convert -22 (base 4) to base 8.
-12
-3 (base 8) to base 16
-3
What is 122 (base 3) in base 11?
16
b2 (base 13) to base 15
9a
-a (base 16) to base 12
-a
-19 (base 11) to base 2
-10100
What is -53 (base 14) in base 4?
-1021
Convert -19 (base 12) to base 7.
-30
-9d (base 14) to base 8
-213
6 (base 7) to base 2
110
What is 93 (base 10) in base 4?
1131
-198 (base 10) to base 3
-21100
-54 (base 13) to base 5
-234
What is 321 (base 4) in base 15?
3c
-2 (base 15) to base 3
-2
-1aa (base 15) to base 7
-1060
-15 (base 8) to base 11
-12
160 (base 12) to base 8
330
9 (base 13) to base 9
10
Convert -100 (base 3) to base 16.
-9
What is 25 (base 7) in base 10?
19
Convert -50 (base 8) to base 3.
-1111
Convert 43 (base 15) to base 3.
2100
What is 122 (base 8) in base 16?
52
Convert 421 (base 6) to base 16.
9d
-1201 (base 3) to base 4
-232
What is -2 (base 10) in base 4?
-2
-1 (base 5) to base 2
-1
What is 34 (base 9) in base 2?
11111
What is -2 (base 12) in base 10?
-2
Convert -27 (base 11) to base 8.
-35
Convert 4 (base 10) to base 4.
10
1 (base 5) to base 6
1
What is 60 (base 7) in base 6?
110
What is 114 (base 7) in base 3?
2020
-2 (base 8) to base 3
-2
23 (base 12) to base 3
1000
Convert 22122 (base 3) to base 6.
1025
Convert 8 (base 13) to base 5.
13
4 (base 6) to base 10
4
Convert 10 (base 4) to base 9.
4
What is 120 (base 9) in base 5?
344
-10 (base 15) to base 16
-f
What is -10001 (base 3) in base 7?
-145
What is f (base 16) in base 12?
13
Convert -12 (base 6) to base 9.
-8
What is -17 (base 8) in base 12?
-13
-16 (base 16) to base 2
-10110
12001 (base 3) to base 4
2020
What is -12 (base 8) in base 7?
-13
Convert -3 (base 4) to base 2.
-11
What is -145 (base 15) in base 12?
-202
24 (base 8) to base 16
14
Convert 11 (base 15) to base 14.
12
What is -3 (base 6) in base 4?
-3
3 (base 10) to base 7
3
-2 (base 10) to base 16
-2
4 (base 8) to base 7
